{"id":36080,"date":"2026-03-15T13:48:53","date_gmt":"2026-03-15T13:48:53","guid":{"rendered":"https:\/\/cappuccinocj.fr\/?page_id=36080"},"modified":"2026-04-02T18:09:33","modified_gmt":"2026-04-02T18:09:33","slug":"coaching-en-image","status":"publish","type":"page","link":"https:\/\/cappuccinocj.fr\/index.php\/coaching-en-image\/","title":{"rendered":"Coaching en image"},"content":{"rendered":"<div class=\"et_pb_section_0 et_pb_section et_section_regular et_flex_section section_has_divider et_pb_bottom_divider\">\n<div class=\"et_pb_row_0 et_pb_row et_flex_row\">\n<div class=\"et_pb_column_0 et_pb_column et-last-child et_flex_column et_pb_css_mix_blend_mode_passthrough et_flex_column_24_24 et_flex_column_24_24_tablet et_flex_column_24_24_phone\">\n<div class=\"et_pb_heading_0 et_pb_heading et_pb_module et_flex_module\"><div class=\"et_pb_heading_container\"><h1 class=\"et_pb_module_header\">Notre Coaching en image<\/h1><\/div><\/div>\n\n<div class=\"et_pb_heading_1 et_pb_heading et_pb_module et_flex_module\"><div class=\"et_pb_heading_container\"><h1 class=\"et_pb_module_header\">R\u00e9v\u00e9lez votre style et affirmez votre identit\u00e9 !<\/h1><\/div><\/div>\n\n<div class=\"et_pb_module et_pb_button_module_wrapper et_pb_button_0_wrapper\"><a class=\"et_pb_button_0 et_pb_button et_pb_bg_layout_light et_pb_module et_flex_module\" href=\"https:\/\/cappuccinocj.fr\/#formulaire\">Nous contacter<\/a><\/div>\n<\/div>\n<\/div>\n<div class=\"et_pb_bottom_inside_divider et-no-transition\"><\/div><\/div>\n\n<div class=\"et_pb_section_1 et_pb_section et_section_regular et_block_section\">\n<div class=\"et_pb_row_1 et_pb_row et_block_row\">\n<div class=\"et_pb_column_1 et_pb_column et_pb_column_1_2 et_block_column et_pb_css_mix_blend_mode_passthrough\">\n<div class=\"et_pb_text_0 et_pb_text et_pb_bg_layout_light et_pb_module et_block_module\"><div class=\"et_pb_text_inner\" data-et-mv-hidden-phone=\"true\"><\/div><\/div>\n\n<div class=\"et_pb_heading_2 et_pb_heading et_pb_module et_block_module\"><div class=\"et_pb_heading_container\"><h2 class=\"et_pb_module_header\">Offrez-vous une nouvelle vision de vous.<\/h2><\/div><\/div>\n\n<div class=\"et_pb_before_after_image_0 et_pb_before_after_image et_pb_before_after_image_horizontal et_pb_module et_flex_module\"><div class=\"et_pb_before_after_image_container et_pb_before_after_image_horizontal\" data-orientation=\"horizontal\" data-position=\"70\"><div class=\"et_pb_before_image\"><img loading=\"lazy\" decoding=\"async\" src=\"https:\/\/cappuccinocj.fr\/wp-content\/uploads\/2026\/03\/Design-sans-titre_20260218_200223_00001-1.png\" width=\"1304\" height=\"1752\" srcset=\"https:\/\/cappuccinocj.fr\/wp-content\/uploads\/2026\/03\/Design-sans-titre_20260218_200223_00001-1.png 1304w, https:\/\/cappuccinocj.fr\/wp-content\/uploads\/2026\/03\/Design-sans-titre_20260218_200223_00001-1-1280x1720.png 1280w, https:\/\/cappuccinocj.fr\/wp-content\/uploads\/2026\/03\/Design-sans-titre_20260218_200223_00001-1-980x1317.png 980w, https:\/\/cappuccinocj.fr\/wp-content\/uploads\/2026\/03\/Design-sans-titre_20260218_200223_00001-1-480x645.png 480w\" sizes=\"(min-width: 0px) and (max-width: 480px) 480px, (min-width: 481px) and (max-width: 980px) 980px, (min-width: 981px) and (max-width: 1280px) 1280px, (min-width: 1281px) 1304px, 100vw\" class=\"wp-image-35896\" title=\"Design sans titre_20260218_200223_0000(1)\" \/><\/div><div class=\"et_pb_after_image\"><img loading=\"lazy\" decoding=\"async\" src=\"https:\/\/cappuccinocj.fr\/wp-content\/uploads\/2026\/03\/Design-sans-titre_20260218_200353_00001.png\" width=\"1536\" height=\"2048\" srcset=\"https:\/\/cappuccinocj.fr\/wp-content\/uploads\/2026\/03\/Design-sans-titre_20260218_200353_00001.png 1536w, https:\/\/cappuccinocj.fr\/wp-content\/uploads\/2026\/03\/Design-sans-titre_20260218_200353_00001-1280x1707.png 1280w, https:\/\/cappuccinocj.fr\/wp-content\/uploads\/2026\/03\/Design-sans-titre_20260218_200353_00001-980x1307.png 980w, https:\/\/cappuccinocj.fr\/wp-content\/uploads\/2026\/03\/Design-sans-titre_20260218_200353_00001-480x640.png 480w\" sizes=\"(min-width: 0px) and (max-width: 480px) 480px, (min-width: 481px) and (max-width: 980px) 980px, (min-width: 981px) and (max-width: 1280px) 1280px, (min-width: 1281px) 1536px, 100vw\" class=\"wp-image-35894\" title=\"Design sans titre_20260218_200353_0000(1)\" \/><\/div><div class=\"et_pb_before_after_image_slider\"><div class=\"et_pb_before_after_image_slider_line\"><\/div><div class=\"et_pb_before_after_image_slider_handle\"><\/div><\/div><\/div><\/div>\n<\/div>\n\n<div class=\"et_pb_column_2 et_pb_column et_pb_column_1_2 et-last-child et_block_column et_pb_css_mix_blend_mode_passthrough\">\n<div class=\"et_pb_heading_3 et_pb_heading et_pb_module et_flex_module\"><div class=\"et_pb_heading_container\"><h1 class=\"et_pb_module_header\">Le coaching en image<\/h1><\/div><\/div>\n\n<div class=\"et_pb_text_1 et_pb_text et_pb_bg_layout_light et_pb_module et_flex_module\"><div class=\"et_pb_text_inner\"><p>Le coaching en image s'adresse \u00e0 toute femme soucieuse d'am\u00e9liorer son image et son fort int\u00e9rieur.<\/p>\n<p>C'est un accompagnement qui inclut morphologie, colorim\u00e9trie, style vestimentaire, posture et communication.<\/p>\n<\/div><\/div>\n\n<div class=\"et_pb_heading_4 et_pb_heading et_pb_module et_flex_module\"><div class=\"et_pb_heading_container\"><h1 class=\"et_pb_module_header\">A quel moment ?<\/h1><\/div><\/div>\n\n<div class=\"et_pb_text_2 et_pb_text et_pb_bg_layout_light et_pb_module et_flex_module\"><div class=\"et_pb_text_inner\"><p>Apr\u00e8s une d\u00e9ception, un moment difficile, au passage de la dizaine au dessus, au c\u0153ur de l'adolescence, apres une naissance, apres une prise ou une perte de poids, avant des entretiens etc etc...en r\u00e9sum\u00e9 lorsque vous manquez de confiance en vous ou ressentez le besoin d'\u00eatre femme.<\/p>\n<p>Nos seances coaching ont lieu dans notre Show Room au Versoud ou lors de nos sessions group\u00e9es.<\/p>\n<\/div><\/div>\n\n<div class=\"et_pb_heading_5 et_pb_heading et_pb_module et_flex_module\"><div class=\"et_pb_heading_container\"><h1 class=\"et_pb_module_header\">Comment cela se passe t-il?<\/h1><\/div><\/div>\n\n<div class=\"et_pb_text_3 et_pb_text et_pb_bg_layout_light et_pb_module et_flex_module\"><div class=\"et_pb_text_inner\"><p>Apres avoir rempli un questionnaire, nous \u00e9changeons ensemble concernant vos attentes .<br \/>Puis nous \u00e9tudions votre morphologie vos atouts et vos complexes. Le but etant de vous mettre en valeur tout en restant vous m\u00eame. Les trucs et astuces, quelque r\u00e8gles d'or, les combinaisons possibles les assortis etc...feront partis de la seance.<\/p>\n<\/div><\/div>\n\n<div class=\"et_pb_heading_6 et_pb_heading et_pb_module et_flex_module\"><div class=\"et_pb_heading_container\"><h1 class=\"et_pb_module_header\">Pourquoi un coaching ?<\/h1><\/div><\/div>\n\n<div class=\"et_pb_text_4 et_pb_text et_pb_bg_layout_light et_pb_module et_flex_module\"><div class=\"et_pb_text_inner\"><p>\u00a0Pour vous sentir mieux, afin d'\u00eatre fi\u00e8re de vous et de retrouver votre s\u00e9r\u00e9nit\u00e9 de corps et d'esprit.<\/p>\n<\/div><\/div>\n\n<div class=\"et_pb_module et_pb_button_module_wrapper et_pb_button_1_wrapper\"><a class=\"et_pb_button_1 et_pb_button et_pb_bg_layout_light et_pb_module et_flex_module\" href=\"https:\/\/cappuccinocj.fr\/#formulaire\">Nous contacter<\/a><\/div>\n<\/div>\n<\/div>\n<\/div>\n\n<div class=\"et_pb_section_2 et_pb_section et_section_regular et_flex_section et_pb_section_parallax section_has_divider et_pb_top_divider et_pb_bottom_divider\"><div class=\"et_pb_top_inside_divider et-no-transition\"><\/div><span class=\"et-pb-parallax-wrapper\"><span class=\"et-pb-parallax-background et-pb-parallax-background--css et-pb-parallax-background-module--divi-section-2\" style=\"background-image:url(https:\/\/cappuccinocj.fr\/wp-content\/uploads\/2026\/03\/1000368181-2.png)\"><\/span><\/span>\n<div class=\"et_pb_row_2 et_pb_row et_flex_row\">\n<div class=\"et_pb_column_3 et_pb_column et-last-child et_flex_column et_pb_css_mix_blend_mode_passthrough et_flex_column_24_24 et_flex_column_24_24_tablet et_flex_column_24_24_phone\">\n<div class=\"et_pb_heading_7 et_pb_heading et_pb_module et_flex_module\"><div class=\"et_pb_heading_container\"><h1 class=\"et_pb_module_header\">Notre Coaching en image en Chiffres :<\/h1><\/div><\/div>\n<\/div>\n<\/div>\n\n<div class=\"et_pb_row_3 et_pb_row et_flex_row\">\n<div class=\"et_pb_column_4 et_pb_column et_flex_column et_pb_css_mix_blend_mode_passthrough et_flex_column_8_24 et_flex_column_8_24_tablet et_flex_column_24_24_phone\">\n<div class=\"et_pb_circle_counter_0 et_pb_circle_counter et_pb_with_title et_pb_bg_layout_light et_pb_text_align_center container-width-change-notify et_pb_module et_flex_module\"><div class=\"et_pb_circle_counter_inner et_flex_module\"><div class=\"percent\"><p><span class=\"percent-value\"><\/span><span class=\"percent-sign\"><\/span><\/p><\/div><h2 class=\"et_pb_module_header\">Clientes coach\u00e9es en priv\u00e9 lors de leurs achats<\/h2><\/div><\/div>\n<\/div>\n\n<div class=\"et_pb_column_5 et_pb_column et_flex_column et_pb_css_mix_blend_mode_passthrough et_flex_column_8_24 et_flex_column_8_24_tablet et_flex_column_24_24_phone\">\n<div class=\"et_pb_circle_counter_1 et_pb_circle_counter et_pb_with_title et_pb_bg_layout_light et_pb_text_align_center container-width-change-notify et_pb_module et_flex_module\"><div class=\"et_pb_circle_counter_inner et_flex_module\"><div class=\"percent\"><p><span class=\"percent-value\"><\/span><span class=\"percent-sign\"><\/span><\/p><\/div><h2 class=\"et_pb_module_header\">Femmes en coaching priv\u00e9s.<\/h2><\/div><\/div>\n<\/div>\n\n<div class=\"et_pb_column_6 et_pb_column et-last-child et_flex_column et_pb_css_mix_blend_mode_passthrough et_flex_column_8_24 et_flex_column_8_24_tablet et_flex_column_24_24_phone\">\n<div class=\"et_pb_circle_counter_2 et_pb_circle_counter et_pb_with_title et_pb_bg_layout_light et_pb_text_align_center container-width-change-notify et_pb_module et_flex_module\"><div class=\"et_pb_circle_counter_inner et_flex_module\"><div class=\"percent\"><p><span class=\"percent-value\"><\/span><span class=\"percent-sign\"><\/span><\/p><\/div><h2 class=\"et_pb_module_header\">sessions de coaching r\u00e9alis\u00e9es<\/h2><\/div><\/div>\n<\/div>\n<\/div>\n\n<div class=\"et_pb_row_4 et_pb_row et_flex_row\">\n<div class=\"et_pb_column_7 et_pb_column et-last-child et_flex_column et_pb_css_mix_blend_mode_passthrough et_flex_column_24_24 et_flex_column_24_24_tablet et_flex_column_24_24_phone\">\n<div class=\"et_pb_module et_pb_button_module_wrapper et_pb_button_2_wrapper\"><a class=\"et_pb_button_2 et_pb_button et_pb_bg_layout_light et_pb_module et_flex_module\" href=\"#formulaire\">Nous contacter<\/a><\/div>\n<\/div>\n<\/div>\n<div class=\"et_pb_bottom_inside_divider et-no-transition\"><\/div><\/div>\n\n<div class=\"et_pb_section_3 et_pb_section et_section_regular et_block_section section_has_divider et_pb_bottom_divider\">\n<div class=\"et_pb_row_5 et_pb_row et_block_row\">\n<div class=\"et_pb_column_8 et_pb_column et_pb_column_1_2 et_block_column et_pb_css_mix_blend_mode_passthrough\">\n<div class=\"et_pb_text_5 et_pb_text et_pb_bg_layout_light et_pb_module et_block_module\"><div class=\"et_pb_text_inner\"><p>Approuv\u00e9 par +200 clientes.<\/p>\n<\/div><\/div>\n\n<div class=\"et_pb_heading_8 et_pb_heading et_pb_module et_block_module\"><div class=\"et_pb_heading_container\"><h2 class=\"et_pb_module_header\">Offrez-vous une nouvelle vision de vous.<\/h2><\/div><\/div>\n\n<div class=\"et_pb_video_0 et_pb_video et_pb_module et_flex_module\"><div class=\"et_pb_video_box\"><video controls><source type=\"video\/webm\" src=\"https:\/\/cappuccinocj.fr\/wp-content\/uploads\/2026\/04\/VID-20260325-WA0002.webm\" \/><\/video><\/div><\/div>\n<\/div>\n\n<div class=\"et_pb_column_9 et_pb_column et_pb_column_1_2 et-last-child et_block_column et_pb_css_mix_blend_mode_passthrough\">\n<div class=\"et_pb_testimonial_0 et_pb_testimonial et_pb_testimonial_no_image et_pb_bg_layout_light et_pb_module et_block_module\"><div class=\"et_pb_testimonial_inner\"><div class=\"et_pb_testimonial_description\"><div class=\"et_pb_testimonial_description_inner\"><div class=\"et_pb_testimonial_content\"><p>J'ai eu la chance de profiter d'un coaching en image avec Christelle et Johana, et c'\u00e9tait un vrai plaisir ! Elles se sont merveilleusement bien occup\u00e9es de moi. J'ai pu essayer des v\u00eatements que je n'aurais jamais pens\u00e9 porter, et elles m'ont appris quelles couleurs pouvaient r\u00e9ellement me mettre en valeur. Depuis cette exp\u00e9rience, <strong>j'ose beaucoup plus !<\/strong> Un grand merci \u00e0 elles.<\/p>\n<\/div><\/div><div class=\"et_pb_testimonial_author\">Nathalie P.<\/div><div class=\"et_pb_testimonial_meta\"><\/div><\/div><\/div><\/div>\n\n<div class=\"et_pb_testimonial_1 et_pb_testimonial et_pb_testimonial_no_image et_pb_bg_layout_light et_pb_module et_block_module\"><div class=\"et_pb_testimonial_inner\"><div class=\"et_pb_testimonial_description\"><div class=\"et_pb_testimonial_description_inner\"><div class=\"et_pb_testimonial_content\"><p>Un accueil au top et une \u00e9quipe vraiment professionnelle, toujours \u00e0 l'\u00e9coute et de tr\u00e8s bons conseils ! L'ambiance est super conviviale, <strong>un vrai moment cocooning<\/strong> o\u00f9 l'on prend soin de vous. Moi qui me l\u00e8ve tous les matins \u00e0 5h, croyez-moi, je ne fignole pas mon maquillage au quotidien\u2026 Par contre, ma tenue vestimentaire, j'y fais tr\u00e8s attention ! J'ai \u00e9norm\u00e9ment appr\u00e9ci\u00e9 ce moment rien que pour moi, o\u00f9 l'on s'occupe vraiment de vous. Je ne peux que recommander cette exp\u00e9rience. Merci encore !<\/p>\n<\/div><\/div><div class=\"et_pb_testimonial_author\">B\u00e9atrice S.<\/div><div class=\"et_pb_testimonial_meta\"><\/div><\/div><\/div><\/div>\n\n<div class=\"et_pb_row_6 et_pb_row et_pb_row_nested et_flex_row\">\n<div class=\"et_pb_column_10 et_pb_column et-last-child et_flex_column et_pb_css_mix_blend_mode_passthrough et_flex_column_24_24 et_flex_column_24_24_tablet et_flex_column_24_24_phone\">\n<div class=\"et_pb_module et_pb_button_module_wrapper et_pb_button_3_wrapper\"><a class=\"et_pb_button_3 et_pb_button et_pb_bg_layout_light et_pb_module et_flex_module\" href=\"#formulaire\">Nous contacter<\/a><\/div>\n<\/div>\n<\/div>\n<\/div>\n<\/div>\n<div class=\"et_pb_bottom_inside_divider et-no-transition\"><\/div><\/div>\n\n<div class=\"et_pb_section_4 et_pb_section et_section_regular et_flex_section\">\n<div class=\"et_pb_row_7 et_pb_row et_flex_row\">\n<div class=\"et_pb_column_11 et_pb_column et-last-child et_flex_column et_pb_css_mix_blend_mode_passthrough et_flex_column_24_24 et_flex_column_24_24_tablet et_flex_column_24_24_phone\">\n<div class=\"et_pb_heading_9 et_pb_heading et_pb_module et_flex_module\"><div class=\"et_pb_heading_container\"><h2 class=\"et_pb_module_header\">Elles nous ont fait confiance :<\/h2><\/div><\/div>\n<\/div>\n<\/div>\n\n<div class=\"et_pb_row_8 et_pb_row et_flex_row\">\n<div class=\"et_pb_column_12 et_pb_column et_flex_column et_pb_css_mix_blend_mode_passthrough et_flex_column_12_24 et_flex_column_12_24_tablet et_flex_column_24_24_phone\">\n<div class=\"et_pb_before_after_image_1 et_pb_before_after_image et_pb_before_after_image_vertical et_animated et_pb_module et_flex_module\"><div class=\"et_pb_before_after_image_container et_pb_before_after_image_vertical\" data-orientation=\"vertical\" data-position=\"85\"><div class=\"et_pb_before_image\"><img loading=\"lazy\" decoding=\"async\" src=\"https:\/\/cappuccinocj.fr\/wp-content\/uploads\/2026\/03\/IMG_1216.jpeg\" width=\"1536\" height=\"2048\" srcset=\"https:\/\/cappuccinocj.fr\/wp-content\/uploads\/2026\/03\/IMG_1216.jpeg 1536w, https:\/\/cappuccinocj.fr\/wp-content\/uploads\/2026\/03\/IMG_1216-1280x1707.jpeg 1280w, https:\/\/cappuccinocj.fr\/wp-content\/uploads\/2026\/03\/IMG_1216-980x1307.jpeg 980w, https:\/\/cappuccinocj.fr\/wp-content\/uploads\/2026\/03\/IMG_1216-480x640.jpeg 480w\" sizes=\"(min-width: 0px) and (max-width: 480px) 480px, (min-width: 481px) and (max-width: 980px) 980px, (min-width: 981px) and (max-width: 1280px) 1280px, (min-width: 1281px) 1536px, 100vw\" class=\"wp-image-36212\" title=\"IMG_1216\" \/><\/div><div class=\"et_pb_after_image\"><img loading=\"lazy\" decoding=\"async\" src=\"https:\/\/cappuccinocj.fr\/wp-content\/uploads\/2026\/03\/IMG_1222.png\" width=\"1314\" height=\"1972\" srcset=\"https:\/\/cappuccinocj.fr\/wp-content\/uploads\/2026\/03\/IMG_1222.png 1314w, https:\/\/cappuccinocj.fr\/wp-content\/uploads\/2026\/03\/IMG_1222-1280x1921.png 1280w, https:\/\/cappuccinocj.fr\/wp-content\/uploads\/2026\/03\/IMG_1222-980x1471.png 980w, https:\/\/cappuccinocj.fr\/wp-content\/uploads\/2026\/03\/IMG_1222-480x720.png 480w\" sizes=\"(min-width: 0px) and (max-width: 480px) 480px, (min-width: 481px) and (max-width: 980px) 980px, (min-width: 981px) and (max-width: 1280px) 1280px, (min-width: 1281px) 1314px, 100vw\" class=\"wp-image-36218\" title=\"IMG_1222\" \/><\/div><div class=\"et_pb_before_after_image_slider\"><div class=\"et_pb_before_after_image_slider_line\"><\/div><div class=\"et_pb_before_after_image_slider_handle\"><\/div><\/div><\/div><\/div>\n<\/div>\n\n<div class=\"et_pb_column_13 et_pb_column et-last-child et_flex_column et_pb_css_mix_blend_mode_passthrough et_flex_column_12_24 et_flex_column_12_24_tablet et_flex_column_24_24_phone\">\n<div class=\"et_pb_before_after_image_2 et_pb_before_after_image et_pb_before_after_image_vertical et_animated et_pb_module et_flex_module\"><div class=\"et_pb_before_after_image_container et_pb_before_after_image_vertical\" data-orientation=\"vertical\" data-position=\"85\"><div class=\"et_pb_before_image\"><img loading=\"lazy\" decoding=\"async\" src=\"https:\/\/cappuccinocj.fr\/wp-content\/uploads\/2026\/03\/IMG_1218.jpeg\" width=\"1518\" height=\"2068\" srcset=\"https:\/\/cappuccinocj.fr\/wp-content\/uploads\/2026\/03\/IMG_1218.jpeg 1518w, https:\/\/cappuccinocj.fr\/wp-content\/uploads\/2026\/03\/IMG_1218-1280x1744.jpeg 1280w, https:\/\/cappuccinocj.fr\/wp-content\/uploads\/2026\/03\/IMG_1218-980x1335.jpeg 980w, https:\/\/cappuccinocj.fr\/wp-content\/uploads\/2026\/03\/IMG_1218-480x654.jpeg 480w\" sizes=\"(min-width: 0px) and (max-width: 480px) 480px, (min-width: 481px) and (max-width: 980px) 980px, (min-width: 981px) and (max-width: 1280px) 1280px, (min-width: 1281px) 1518px, 100vw\" class=\"wp-image-36214\" title=\"IMG_1218\" \/><\/div><div class=\"et_pb_after_image\"><img loading=\"lazy\" decoding=\"async\" src=\"https:\/\/cappuccinocj.fr\/wp-content\/uploads\/2026\/03\/IMG_1219.png\" width=\"1536\" height=\"2048\" srcset=\"https:\/\/cappuccinocj.fr\/wp-content\/uploads\/2026\/03\/IMG_1219.png 1536w, https:\/\/cappuccinocj.fr\/wp-content\/uploads\/2026\/03\/IMG_1219-1280x1707.png 1280w, https:\/\/cappuccinocj.fr\/wp-content\/uploads\/2026\/03\/IMG_1219-980x1307.png 980w, https:\/\/cappuccinocj.fr\/wp-content\/uploads\/2026\/03\/IMG_1219-480x640.png 480w\" sizes=\"(min-width: 0px) and (max-width: 480px) 480px, (min-width: 481px) and (max-width: 980px) 980px, (min-width: 981px) and (max-width: 1280px) 1280px, (min-width: 1281px) 1536px, 100vw\" class=\"wp-image-36215\" title=\"IMG_1219\" \/><\/div><div class=\"et_pb_before_after_image_slider\"><div class=\"et_pb_before_after_image_slider_line\"><\/div><div class=\"et_pb_before_after_image_slider_handle\"><\/div><\/div><div class=\"et_pb_before_after_image_label et_pb_after_label\">Apr\u00e8s<\/div><\/div><\/div>\n<\/div>\n<\/div>\n<\/div>","protected":false},"excerpt":{"rendered":"","protected":false},"author":2,"featured_media":0,"parent":0,"menu_order":0,"comment_status":"closed","ping_status":"closed","template":"","meta":{"footnotes":""},"class_list":["post-36080","page","type-page","status-publish","hentry"],"jetpack_sharing_enabled":true,"_links":{"self":[{"href":"https:\/\/cappuccinocj.fr\/index.php\/wp-json\/wp\/v2\/pages\/36080","targetHints":{"allow":["GET"]}}],"collection":[{"href":"https:\/\/cappuccinocj.fr\/index.php\/wp-json\/wp\/v2\/pages"}],"about":[{"href":"https:\/\/cappuccinocj.fr\/index.php\/wp-json\/wp\/v2\/types\/page"}],"author":[{"embeddable":true,"href":"https:\/\/cappuccinocj.fr\/index.php\/wp-json\/wp\/v2\/users\/2"}],"replies":[{"embeddable":true,"href":"https:\/\/cappuccinocj.fr\/index.php\/wp-json\/wp\/v2\/comments?post=36080"}],"version-history":[{"count":73,"href":"https:\/\/cappuccinocj.fr\/index.php\/wp-json\/wp\/v2\/pages\/36080\/revisions"}],"predecessor-version":[{"id":36240,"href":"https:\/\/cappuccinocj.fr\/index.php\/wp-json\/wp\/v2\/pages\/36080\/revisions\/36240"}],"wp:attachment":[{"href":"https:\/\/cappuccinocj.fr\/index.php\/wp-json\/wp\/v2\/media?parent=36080"}],"curies":[{"name":"wp","href":"https:\/\/api.w.org\/{rel}","templated":true}]}}