{"id":35956,"date":"2026-03-09T14:38:57","date_gmt":"2026-03-09T14:38:57","guid":{"rendered":"https:\/\/cappuccinocj.fr\/index.php\/produit\/pantalon-magique\/"},"modified":"2026-03-24T15:03:09","modified_gmt":"2026-03-24T15:03:09","slug":"pantalon-magique","status":"publish","type":"product","link":"https:\/\/cappuccinocj.fr\/index.php\/produit\/pantalon-magique\/","title":{"rendered":"Pantalon \u00ab\u00a0magique\u00a0\u00bb PROMO"},"content":{"rendered":"","protected":false},"excerpt":{"rendered":"<h1>29\u20ac<\/h1>\n<p><s>39\u20ac<\/s><\/p>\n<p>Beige<\/p>\n<p>TU(42 au 50). A porter ample ou pr\u00e8s du corps<\/p>\n<p>pantalon tissu, \u00e9lastique \u00e0 la taille, ultra confort, ceinture amovible, 2 poches c\u00f4t\u00e9s, pas de poches arri\u00e8re<\/p>\n<p>55% viscose, 40% polyesther, 5% elasthane<\/p>\n","protected":false},"featured_media":35949,"comment_status":"open","ping_status":"closed","template":"","meta":[],"product_brand":[],"product_cat":[27],"product_tag":[],"class_list":{"0":"post-35956","1":"product","2":"type-product","3":"status-publish","4":"has-post-thumbnail","6":"product_cat-pantalon","8":"first","9":"instock","10":"shipping-taxable","11":"product-type-simple"},"jetpack_sharing_enabled":true,"_links":{"self":[{"href":"https:\/\/cappuccinocj.fr\/index.php\/wp-json\/wp\/v2\/product\/35956","targetHints":{"allow":["GET"]}}],"collection":[{"href":"https:\/\/cappuccinocj.fr\/index.php\/wp-json\/wp\/v2\/product"}],"about":[{"href":"https:\/\/cappuccinocj.fr\/index.php\/wp-json\/wp\/v2\/types\/product"}],"replies":[{"embeddable":true,"href":"https:\/\/cappuccinocj.fr\/index.php\/wp-json\/wp\/v2\/comments?post=35956"}],"wp:featuredmedia":[{"embeddable":true,"href":"https:\/\/cappuccinocj.fr\/index.php\/wp-json\/wp\/v2\/media\/35949"}],"wp:attachment":[{"href":"https:\/\/cappuccinocj.fr\/index.php\/wp-json\/wp\/v2\/media?parent=35956"}],"wp:term":[{"taxonomy":"product_brand","embeddable":true,"href":"https:\/\/cappuccinocj.fr\/index.php\/wp-json\/wp\/v2\/product_brand?post=35956"},{"taxonomy":"product_cat","embeddable":true,"href":"https:\/\/cappuccinocj.fr\/index.php\/wp-json\/wp\/v2\/product_cat?post=35956"},{"taxonomy":"product_tag","embeddable":true,"href":"https:\/\/cappuccinocj.fr\/index.php\/wp-json\/wp\/v2\/product_tag?post=35956"}],"curies":[{"name":"wp","href":"https:\/\/api.w.org\/{rel}","templated":true}]}}