{"id":36327,"date":"2026-04-07T13:18:02","date_gmt":"2026-04-07T13:18:02","guid":{"rendered":"https:\/\/cappuccinocj.fr\/index.php\/produit\/show-room\/"},"modified":"2026-04-07T13:18:02","modified_gmt":"2026-04-07T13:18:02","slug":"show-room","status":"publish","type":"product","link":"https:\/\/cappuccinocj.fr\/index.php\/produit\/show-room\/","title":{"rendered":"SHOW ROOM"},"content":{"rendered":"<p>Notre Show room est au 305 av pasteur au Versoud.<\/p>\n<p>Ouvert chaque 1ere semaine de chaque mois, mais aussi sur rendez vous pour plus d&rsquo;intimit\u00e9.<\/p>\n<p>Vous souhaitez passer un moment entre amies? Privatisez le gratuitement, pour un moment journ\u00e9e ou une soir\u00e9e.<\/p>\n","protected":false},"excerpt":{"rendered":"<p>Notre Show room est au 305 av pasteur au Versoud. Ouvert chaque 1ere semaine de chaque mois, mais aussi sur rendez vous pour plus d&rsquo;intimit\u00e9. Vous souhaitez passer un moment entre amies? Privatisez le gratuitement, pour un moment journ\u00e9e ou une soir\u00e9e.<\/p>\n","protected":false},"featured_media":36323,"comment_status":"open","ping_status":"closed","template":"","meta":[],"product_brand":[],"product_cat":[31],"product_tag":[],"class_list":{"0":"post-36327","1":"product","2":"type-product","3":"status-publish","4":"has-post-thumbnail","6":"product_cat-showroom","8":"first","9":"instock","10":"shipping-taxable","11":"product-type-simple"},"jetpack_sharing_enabled":true,"_links":{"self":[{"href":"https:\/\/cappuccinocj.fr\/index.php\/wp-json\/wp\/v2\/product\/36327","targetHints":{"allow":["GET"]}}],"collection":[{"href":"https:\/\/cappuccinocj.fr\/index.php\/wp-json\/wp\/v2\/product"}],"about":[{"href":"https:\/\/cappuccinocj.fr\/index.php\/wp-json\/wp\/v2\/types\/product"}],"replies":[{"embeddable":true,"href":"https:\/\/cappuccinocj.fr\/index.php\/wp-json\/wp\/v2\/comments?post=36327"}],"wp:featuredmedia":[{"embeddable":true,"href":"https:\/\/cappuccinocj.fr\/index.php\/wp-json\/wp\/v2\/media\/36323"}],"wp:attachment":[{"href":"https:\/\/cappuccinocj.fr\/index.php\/wp-json\/wp\/v2\/media?parent=36327"}],"wp:term":[{"taxonomy":"product_brand","embeddable":true,"href":"https:\/\/cappuccinocj.fr\/index.php\/wp-json\/wp\/v2\/product_brand?post=36327"},{"taxonomy":"product_cat","embeddable":true,"href":"https:\/\/cappuccinocj.fr\/index.php\/wp-json\/wp\/v2\/product_cat?post=36327"},{"taxonomy":"product_tag","embeddable":true,"href":"https:\/\/cappuccinocj.fr\/index.php\/wp-json\/wp\/v2\/product_tag?post=36327"}],"curies":[{"name":"wp","href":"https:\/\/api.w.org\/{rel}","templated":true}]}}